4*o + 2. Let l(f) = y*u(f) - 4*b(f). Let q be (0/10)/((-1)/1). Give l(q).
2
Let g(d) be the third derivative of d**7/1260 + d**5/15 - 5*d**2. Let p(s) be the third derivative of g(s). Let k be (-5)/70*-7*-2. What is p(k)?
-4
Let h = 128 + -182. Let k be ((-2)/6 + (-207)/h)*2. Let t(x) = -x**3 + 6*x**2 + 6*x + 10. What is t(k)?
3
Let z(g) be the second derivative of -7*g + 1/24*g**4 + 0 + 0*g**3 + 3/10*g**5 - 6*g**2. Let m(y) be the first derivative of z(y). Give m(1).
19
Let r(q) = 18*q**2 - 116*q - 99*q + 214*q. What is r(-1)?
19
Let i(h) = -h**3 - 10*h**2 + 9. Let p = -4270 + 4260. Calculate i(p).
9
Let u(o) = -o**3 - 8. Let b be (-20)/(-16) + 8/(-32). Suppose 2*i = j + 1, 0 = 4*i - j - 0 - b. Give u(i).
-8
Let a(r) be the second derivative of -15*r + 4*r**3 + 130 - 3*r**3 - 134 + 2*r**2. Calculate a(5).
34
Let p(h) = 10*h**2 - 3*h - 2. Let k be 19/76*(-56)/(-2). Let r be -13 + 5 + k/1. Calculate p(r).
11
Let m(v) be the first derivative of v**4/4 + 5*v**3/3 + 3*v**2 + 6701. Give m(-3).
0
Let x(y) = 11*y**3 - 2*y**2 - y - 5. Let s = -3 - -6. Let i(b) = 2 - 3*b**3 - b - 2*b**2 - 1 - 5 + 14*b**s. Let z(h) = -5*i(h) + 4*x(h). Give z(-1).
12
Let y(j) = -4*j**3 - 2*j - 1. Let h(c) = 62*c - 122. Let l be h(2). What is y(l)?
-37
Suppose 0 = -22*q + 12*q + 190. Let t(m) = -m**2 + 18*m + 13. Calculate t(q).
-6
Let k = -34 - -38. Let w(v) = -14 + 5*v + 2*v - 2*v - k*v. Let x be w(6). Let t(n) = -n**2 - 9*n - 9. Determine t(x).
-1
Let t(k) = 8*k - 1. Suppose 3*x + 2*i - 21 = 0, 8*x + 5*i - 35 = 3*x. Suppose -p - 16 = -4*n, x + 1 = 5*p + 2*n. Let l = 1 + p. What is t(l)?
7
Let c(f) = f**2. Let u be (-1 - 4)/(-2 + 3). Let t(l) = -l**3 + 2*l**2 - l - 4. Let j(b) = u*c(b) + t(b). Let w = 1484 + -1487. Calculate j(w).
-1
Let w(y) = y**3 + 12*y**2 + 11*y - 7. Let b be (-3)/6*1*-16. Suppose -b*d + 429 = -47*d. Calculate w(d).
-7
Let w(b) = -b**3 + b**2 - 2*b. Let m = 3469 + -3466. What is w(m)?
-24
Let l(d) = -d - 7*d**2 + 0*d + 0*d + d**3 - 61 + 33 + 33. Suppose -2*x = 14 - 28. What is l(x)?
-2
Let v(r) be the second derivative of -7/12*r**4 + 1/2*r**2 + 0*r**3 + 3*r + 11. Determine v(-1).
-6
Let w(s) = 26 - 254*s + 507*s - 250*s. Let r be w(-7). Let m(o) = 2*o - 9. What is m(r)?
1
Let a(z) be the second derivative of 3*z**3/2 + 37*z**2 + 5759*z. Determine a(-9).
-7
Let b(a) = -a**3 - 3*a**2 - a - 1. Let f be b(-3). Let v be f*-1 - -5 - (-21 + 16). Let q(d) = -d**2 + 9*d + 1. Give q(v).
9
Let v(t) = 3*t**2 - t + 1. Let w(d) = 10*d**2 - 2*d + 2. Let b(g) = -8*v(g) + 3*w(g). Let f = 11366 - 11368. What is b(f)?
18
Suppose -2*z + 4*d - 20 = 0, 41*d = -4*z + 38*d - 29. Let n(h) = h**2 + 10*h + 22. Determine n(z).
6
Let n(s) = 2*s**2 + 3*s - 4. Let x be (6384/72)/((-48)/27 - -2). Suppose 403*c - 12 = x*c. Give n(c).
23
Let h(b) = 2*b**3 + 3*b**2 - 5*b - 4. Let l be h(-2). Let z(p) = -1 + 4*p - 10 - p**l + 2*p**2 - 12*p. What is z(9)?
-2
Let x(o) = -7 + o**2 + 5*o + 8*o + 50 - 4. Determine x(-9).
3
Let a(o) be the second derivative of -o**5/20 - o**4/6 - 2*o**3/3 - 3*o**2/2 + 23*o. Let x = -30 + 78. Let l = x + -51. What is a(l)?
18
Let z(c) be the second derivative of -c**4/12 + 11*c**3/3 + 8*c**2 + c - 28. Let s be z(23). Let w(a) = -a**2 - 3*a + 9. What is w(s)?
-19
Suppose -2*y = 4*f + 31 + 11, -4*f - 5*y = 39. Let r(p) = p**3 + 10*p**2 - 15*p - 1. Give r(f).
43
Let r(o) = -9*o**2 + 100*o - 174. Let h be r(9). Let x(u) = -55*u - 2. What is x(h)?
163
Suppose 0 = -2*n - 3*h + 8, 2*n + 3 = 2*h + 11. Suppose 2*o + 4 = -n, -5*r - 184 = o. Let b be (-63)/r + 9/(-12). Let a(x) = 5*x**2 + x - 1. Calculate a(b).
5
Suppose 0 = 5*l + 7*l + 96. Let o be 14/l + 2 - (-6)/8. Let f(y) = -y**2 + y - 1. Let k(i) = i**2 + 6*i - 3. Let x(n) = o*k(n) + 2*f(n). Determine x(5).
10
Let z(w) be the second derivative of w**4/12 + 7*w**3/3 - 971*w**2/2 + 9196*w. Give z(-39).
4
Let a(d) = d**2 + 17*d + 17. Suppose 216 - 116 = -10*c. Determine a(c).
-53
Let f(s) be the third derivative of -s**5/20 + 5*s**4/12 - s**3/6 + 5*s**2 - 126*s. Give f(3).
2
Suppose -2*j = -5*z + 31, 5*j + 0 = -5*z + 10. Suppose -6 = -3*f, -z*n + f = -2*f + 21. Let o(m) = -3*m + 1 + 1 + 1. What is o(n)?
12
Suppose -297*m - 199 - 989 = 0. Let u(k) = -3*k**3 - 12*k**2 - 5*k + 2. Determine u(m).
22
Let v = 24 - 24. Suppose -5 = -z - k, -2*z - 2*k + 4*k - 2 = v. Let b(p) = 3*p + 4. Let x(c) = -1. Let m(a) = -b(a) - 2*x(a). Give m(z).
-8
Let r = -20 - -24. Suppose r = -2*x - 0. Let m(o) = 2*o + 5*o + 3*o - 7*o. Give m(x).
-6
Let p(n) = -110*n - 215. Let z(b) = 90*b + 3508. Let g be z(-39). Calculate p(g).
5
Let r(j) = -3 - j + 2*j**2 - 7*j**2 - j**2 + 2 + j**3. Suppose -6*c - 2132 + 2186 = 3*c. Give r(c).
-7
Let t(b) = 7*b - 9. Let r be 1/((-1)/3 + 16/84). Determine t(r).
-58
Let p(y) = y**2 - 8*y + 16. Let c(q) = q**2 - 7*q + 15. Let m(n) = 7*c(n) - 6*p(n). Suppose 4*r + 1 + 3 = 0. Let x be r*(1 - -2 - 3). What is m(x)?
9
Let c(d) = 2*d**3 - 23*d**2 - 12*d + 6. Suppose 4*b = -2*s + 44, -4*s - 3*b = -2*b - 53. Let x be c(s). Let w(n) = -n**3 + 7*n**2 - 4*n - 7. What is w(x)?
5
Let q(p) = -9*p + 7116 + 2*p - 7169. Let i be q(-11). Suppose 0 = -27*d + i*d - 6. Let y(x) = 2*x + 3. Give y(d).
-1
Let t(i) = 3*i - 3. Let s be (-20)/(-15)*(-6)/(-4). Suppose c + s = 0, 12*y + 2*c + 20 = 10*y. Give t(y).
-27
Let d(w) = -2*w**2 - 8*w + 7. Let v = -2461 - -2457. Calculate d(v).
7
Let h(i) = -2*i + 52. Suppose 14*z + 2241 = 97*z. Give h(z).
-2
Suppose 0*i = -2*i + 8, -i = -y + 6. Suppose y = 3*u + 25. Let z(l) = l**2 - 2*l - 6. Give z(u).
29
Let r(p) = 20*p + 13. Let l = -10451 + 10456. What is r(l)?
113
Let y(f) be the first derivative of f**3/3 - f**2 + 4*f + 2. Suppose 133 = 16*k + 3*k. Suppose -6*m - k*m = -39. Determine y(m).
7
Let m(r) = -3*r. Let y(u) = -u**3 + 3*u**2 - 5. Let j be y(2). Let c be 484/6 + j/(-3). Let v = 80 - c. What is m(v)?
3
Let n(t) be the third derivative of -1/4*t**4 + 1/6*t**3 + 0 + 0*t + 18*t**2. Give n(1).
-5
Let s(r) be the third derivative of -r**6/120 - r**5/6 + r**4/12 + r**3 + 30*r**2 - 34*r. Give s(0).
6
Let o(c) = 4*c - 31. Suppose 24*r - 307 = -r - 57. What is o(r)?
9
Let n(m) = -5*m - 31 + 16 + 16. Let z(i) = -11*i + 1. Let o(l) = 5*n(l) - 2*z(l). Let r be 11/3 - 75/45. What is o(r)?
-3
Let g(q) = q + 1. Suppose -2*u + 3*v = -10, 4*u - 3 = 4*v + 13. Suppose -8*x = -6*x - u. Calculate g(x).
2
Suppose -5*o - 25 = -5*p, 0 = -5*p - 115*o + 119*o + 20. Let d(x) = x**3 - 2*x**2 + 2*x + 1. Determine d(p).
1
Let a(s) = s**2 - 29*s - 68. Suppose 4*o + 2*l = 124, o - 3*l + 42 = 73. Determine a(o).
-6
Suppose 3*p + 3*z = -9, -1 = -0*z + z. Let g be (-44)/(-4)*(p - 0). Let y be g/(-165) + (-137)/15. Let i(h) = -h**2 - 9*h - 7. Calculate i(y).
-7
Let z(w) = -6*w - 239. Let b be z(-34). Let r(k) = -k**2 - 33*k + 73. Determine r(b).
3
Let g(p) be the first derivative of 5*p**3/6 - 8*p + 13. Let l(x) be the first derivative of g(x). Let z be (-3)/(-4) - 44/16. What is l(z)?
-10
Let a(u) = -9*u + 3. Let h(i) = -13*i + 4. Suppose 39*c - 32 = -4*r + 35*c, 3*c = 2*r + 9. Let s(b) = r*h(b) - 4*a(b). What is s(-1)?
3
Let h = 4 - 2. Let u be 2 + (6 - (8 - 3)). Let k(g) = 35*g**3 - 109*g**3 + 35*g**3 + g**2 + 38*g**u + 2*g. Determine k(h).
0
Let a(i) = 3 + i - 4*i**2 + 2*i + i**3 - 2*i**3. Let c = -239347 + 239343. Determine a(c).
-9
Let j = 382 + -376. Let n(a) = -11*a**3 + 9*a**2 + 14*a + 16. Let o(g) = -20*g**3 + 18*g**2 + 27*g + 31. Let s(x) = j*o(x) - 11*n(x). Give s(-8).
10
Let u(t) = -4*t**3 + 10*t**2 + 8*t + 15. Let y(h) = 19*h**3 - 46*h**2 - 41*h - 74. Let d(l) = 14*u(l) + 3*y(l). Determine d(3).
0
Let t(w) = w**3 + 2*w**2 - 13*w + 2. Let r be t(0). Let o(d) = 4 - r + 4*d**2 + d + 3 + 3 - 7. Determine o(-1).
4
Let j be 3 + 0 + (-3 - -2). Let k(b) = -j*b + 11 + 3*b - 3 - 10. Let p(o) = -o**3 + 7*o**2 + 9*o - 1. Let i be p(8). Determine k(i).
5
Let w be (108/63)/((-1)/(-28)*(9 - 5)). Let t(f) = 13*f - 149. Give t(w).
7
Let m(x) = 2*x**2 - 1. Let b(c) be the first derivative of c**3/3 + c**2 + 57. Let w(v) = -b(v) + m(v). Give w(-1).
2
Suppose -3*d = -17*c + 20*c - 51, -45 = -3*c. Let t(l) = -l**2. Let b(x) = 2*x**3 + 3*x. Let o(j) = -b(j) - 2*t(j). Calculate o(d).
-14
Let n(u) = -20*u**2 + 29*u - 15. Let k(r) = 9*r**2 - 14*r + 8. Let w(h) = 9*k(h) + 4*n(h). Let z(i) = -i**2 + 9*i - 11. Let t(y) = 5*w(y)